 = -2 + -1. Let t = 1 + -1. Let f(v) = -2*v + 1 - 4*v + 2*v + t*v. Give f(z).
13
Let q(j) be the first derivative of j**4/4 + j**3/3 - j**2/2 - 9*j + 2. Let v = 845 - 845. Calculate q(v).
-9
Let j(q) be the third derivative of -q**5/60 + q**4/8 + 5*q**3/6 + 14*q**2 - 5. Determine j(-2).
-5
Let j(y) be the third derivative of -y**9/60480 + y**8/6720 - y**6/720 - 3*y**5/10 + 4*y**2. Let h(q) be the third derivative of j(q). Give h(2).
3
Suppose 5*b = -0*q + q + 10, 0 = -5*q + 2*b - 50. Let v(l) = -182*l**2 + 94*l**2 - 15 + 87*l**2 - 12*l. Give v(q).
5
Let c(t) = 5*t + 65. Let z(s) = 3*s + 42. Let u(p) = 5*c(p) - 8*z(p). Suppose 0 = 2*m + 5*q - 37, 3*m + 2*q + 21 - 60 = 0. Calculate u(m).
0
Let l(o) = -o**2 - 4*o + 7. Suppose 0 = 3*g - 4*g + 2. Let f be (-1)/((-44)/20 + g). Suppose -19 = 3*x - 4*i, -x - 20 = 4*x + f*i. Give l(x).
2
Suppose -4*q - 65*u = -70*u + 28, 4*u = q - 4. Let p(m) = m**2 + 11*m - 10. Calculate p(q).
2
Let p(i) = -9*i + 1. Suppose 21 = -11*s - 1. Calculate p(s).
19
Let k(y) = 11*y**2 - 18*y + 6. Let r = 8 + -16. Let s(z) = -7*z**2 + 12*z - 4. Let m(j) = r*s(j) - 5*k(j). Calculate m(5).
-3
Suppose 5*c + 5*x = -245, c - 3*x + 39 = -26. Let n = c + 19. Let y = 39 + n. Let t(h) = -h - 1. What is t(y)?
-6
Suppose k - 12 = 3*i, -3*i - 39 = 4*k - 8*k. Let c(z) = -2*z + 5. Calculate c(k).
-13
Let n(s) be the third derivative of s**5/60 + 7*s**4/12 + s**3/2 - 7*s**2 + 14. Give n(-13).
-10
Let u(x) be the second derivative of -9/2*x**2 + 0 + 5*x - 1/3*x**3. Give u(-6).
3
Let d(z) = -2*z**2 + 16*z + 17. Let h(x) = -5*x - 6. Let g be h(-3). Calculate d(g).
-1
Let i(r) be the second derivative of r**5/20 - r**4/2 + 2*r**3/3 - 3*r**2/2 - 3*r - 16. Let w be 4/24 + (-14)/12. Let g be w/(-3)*(1 + 5). Calculate i(g).
-11
Let i = 3 - -1. Let o(a) = 11*a + a**2 + 1011 - i*a - 1005. Determine o(-4).
-6
Let q(l) = -l**2 + 8*l - 13. Suppose 14 = 3*c - 4. Let f be q(c). Let s(w) = w**3 - 1 - 2*w - 4*w**3 - w**2 - 5*w**3 + w**3. Calculate s(f).
7
Let p(o) be the first derivative of o**4/12 - 7*o**3/6 + 35*o**2/2 + 30. Let u(l) be the second derivative of p(l). Let n be 1*(-2 - -9) - 1. Determine u(n).
5
Let c(t) be the second derivative of t**4/12 + 4*t**3/3 - t**2 - 3*t - 8. What is c(-8)?
-2
Let s be ((3 - 1) + (-44)/8)*-2. Let h(z) = -66*z - s + 127*z - 62*z. Give h(-3).
-4
Let v(d) = -d - 1. Suppose 3*w + w - 60 = 0. Let f(g) = -g**2 + 14*g + 20. Let b be f(w). Determine v(b).
-6
Let v(y) = -6*y + 2 - 7 + 10*y - 2*y. Give v(0).
-5
Let i(y) = 5*y**3 - y. Let h = -10 + 11. Let f be i(h). Let z(w) = -2*w - 4. Determine z(f).
-12
Let j(c) = c**2 - 2*c - 11 - 22 + 29. What is j(3)?
-1
Let h = 5 + -3. Suppose -3*q - 31 = 5*g + 3, -q + h = -g. Let a(j) = -3*j + 1. Determine a(q).
10
Let f(y) = y - 5. Let b = -42 - -51. Determine f(b).
4
Let t(c) = 20*c**2 + 17*c + 17. Suppose 2*a = 5*p + 40, p - 2 + 18 = 2*a. Let g(d) = -7*d**2 - 6*d - 6. Let h(n) = p*t(n) - 17*g(n). Determine h(-1).
-1
Let a = -23 - -19. Let h(y) = -2*y + 3. Give h(a).
11
Let x(p) = -5*p. Let d(h) = -2*h**2 + 5. Let v be d(2). Determine x(v).
15
Let n(t) = -t**3 + 8*t**2 + 2. Suppose 0 = -2*r + 1 + 15. Let w be n(r). Let x(i) = -1 + i**3 + 5*i**w - i**2 - 6*i**2 + 4*i**2. Give x(-2).
-1
Let c(d) = -d**3 - d**2 - d + 12. Let j be 3/12 + 6/(-24). Determine c(j).
12
Let r(d) = -9 - 12 + 0 - 25*d**2 + 53*d - 993*d**3 + 992*d**3. Give r(-27).
6
Let x(o) = -o**3 - 9*o**2 + 8*o - 12. Let p be x(-10). Let m(u) = p*u**2 + 7 - 12*u**2 + 3*u**2 - u - 2. Let g = -4 - -4. Give m(g).
5
Let f(v) = 3*v**2 - 25*v + 5 + 9*v + 5*v. Give f(4).
9
Let q(v) = 5*v**2 - 11*v. Let d(u) = -11*u**2 + 23*u + 1. Let n(z) = 4*d(z) + 9*q(z). Calculate n(5).
-6
Let i be (2 - 3) + 4 + -1. Suppose -4*d = -2*h + 22, -5*h + 3*h - i*d - 2 = 0. Let y(r) = -3*r - 5*r + r**3 - r**2 + r - 3*r**2 + h. Determine y(5).
-7
Suppose -p = 5*m - 17, 5*p = 10*m - 11*m - 11. Let o(t) = 5*t - 6 + 1 + 2*t + 4. Calculate o(m).
27
Let k = 4 + -3. Let j(w) = 5*w**3 - 19*w**2 + 4*w - 9. Let g(d) = -4*d**2 + d - 2. Let t(o) = -5*g(o) + j(o). Determine t(k).
6
Let i = 25 + -36. Let h = -5 - i. Let q be 12/8 - (-9)/h. Let k(y) = -y**3 + 3*y**2 - y + 2. Give k(q).
-1
Suppose 0 = -f - 4*f - 70. Let w = -22 - f. Let l(v) = v**2 + 9*v + 12. What is l(w)?
4
Let n(p) = -5*p**2 + p. Let h = -14 - -15. Let l = h + 1. Suppose 0*w - 2*w = l. Calculate n(w).
-6
Let q(y) = y**3 - 4*y**2 - 2*y - 2. Let d(c) = -c**3 + 30*c**2 + 30*c + 35. Let n be d(31). Calculate q(n).
-10
Let y be (4*(-49)/(-112))/(2/(-8)). Let d(h) = h**2 + 6*h + 6. What is d(y)?
13
Let p(h) = 2*h**2 - h**2 - 21 + 22 - 9. Determine p(-4).
8
Let p(k) = -k**3 - 7*k**2 + k + 7. Let f be p(-7). Suppose 2*o - 6 = -2*v - f*o, 2*o - 7 = -v. Let b(n) = 11*n**3 + n**2. Give b(v).
-10
Let v = 23 - 17. Let d(z) = -v + 5*z + 6 - 4*z. Let b = 9 - 8. Give d(b).
1
Let g(h) = -4*h**3 + h**2 - 1. Let r be (-2)/8 + 5/20. Suppose -5*d - 4*m + r*m = -80, 3*d - 5*m - 48 = 0. Let y = d + -17. Give g(y).
4
Suppose -j = -2*j + 4. Let f(t) be the third derivative of t**4/12 - 2*t**3/3 + 496*t**2 + 2. What is f(j)?
4
Suppose -18*f + 2*f - 144 = 0. Let l(p) = -p**3 - 10*p**2 - 11*p - 7. What is l(f)?
11
Let h be (-51)/85 + (-7)/5. Let f(w) = -3 + 0*w + 2*w + w - w**2 + 5. Determine f(h).
-8
Suppose 6*n + 60 = -14*n. Let s(y) = -2*y**3 - 3*y**2 + 2*y - 1. Give s(n).
20
Let z be 1 - (-6 + 4 - 2). Suppose -4*o = -2*o - 5*i + 14, 24 = 4*o + 3*i. Let f(k) = 4*k - 2*k - 5 + o*k - k**2. What is f(z)?
-5
Let c(z) be the first derivative of z**3/3 + 3*z**2 - 6*z + 9. Let b be 6/(-15) - 84/15. Give c(b).
-6
Let s(i) = -i - 1. Let x(c) = c**2 + 4*c + 6. Let b(y) = -6*s(y) - x(y). Suppose 3*t = -2*t - 35. Let d = -5 - t. Give b(d).
0
Let w(l) = -l**3 - 8*l**2 + 8*l - 8. Let r(n) = -3*n**3 - 17*n**2 + 17*n - 17. Let m(j) = 2*r(j) - 5*w(j). Let i(u) = 14*u - 121. Let d be i(9). What is m(d)?
1
Let p(z) be the first derivative of 16 + 1/2*z**2 - z + 1/3*z**3 - 7/4*z**4. Calculate p(1).
-6
Let g = -755 + 765. Let k(b) = -b**2 + 11*b - 3. Calculate k(g).
7
Let u(w) be the third derivative of -w**6/120 + w**5/60 + w**4/12 - 18*w**2 + 20*w. Determine u(-2).
8
Let p(c) be the second derivative of c**4/12 - 7*c**3/6 + 3*c**2 + c. Suppose 5*s - 79 = 4*w, 2*s = 4*s + w - 42. Let m = -15 + s. Give p(m).
-6
Let x be -1*(-7 - 2) + 2. Let w(v) = -x + 2 - 3*v**3 - 6*v**2 - 5*v + 4*v**3. Let c(k) = -k**2 + 11*k + 109. Let f be c(17). What is w(f)?
5
Let i(g) = g**3 - 6*g**2 - g - 3. Suppose 0*x = -5*x + 25. Suppose -4*k - k + x = 0. Let d be k + -15*4/(-12). Give i(d).
-9
Let d(w) = 9*w**3 + 30*w**2 + 4*w + 1. Let a(l) = -11*l**3 - 33*l**2 - 2*l - 1. Let f(y) = 5*a(y) + 6*d(y). What is f(16)?
-31
Let l = 5 - 7. Let w be (-3 + 1)*l/4. Let g(i) be the first derivative of -5*i**4/2 + i**2 - i - 3. Calculate g(w).
-9
Let y(n) = 2 + 6*n - 2*n + n**3 + 5*n**2 + 3. Let d(s) = s**3 + 6*s**2 + 2*s - 13. Let b be d(-5). Suppose 5*q + 6 = i, -q - 8 = 2*i + b. Determine y(i).
5
Let i(b) = -2586 + 0*b + 4*b + 2579. Give i(6).
17
Let d = 30 - 30. Suppose d*q = q. Let k(c) = c**3 + c**2 - 15. Give k(q).
-15
Let l(u) = 10*u**2 - 20*u + 6 + 32*u - 14*u - 2*u**2 - u**3 - 9*u. What is l(6)?
12
Let a(h) = 5*h**2 + 67*h + 20. Let k(v) = v**2 + 13*v + 4. Let d(p) = 2*a(p) - 11*k(p). Calculate d(-9).
-4
Let w be (-120)/36*(1 + 2/4). Let p(z) = -z**3 - 5*z**2 - z + 1. What is p(w)?
6
Let b(z) be the first derivative of -z**2/2 - 7*z + 114. Suppose 2*m - 12 = -0*m. What is b(m)?
-13
Let t(d) = 5*d - 19. Let r = -833 + 840. Determine t(r).
16
Let f(x) = -13*x**2 - 3*x + 2. Let c(a) = -13*a**2 - 4*a + 3. Let j(s) = -2*c(s) + 3*f(s). Determine j(1).
-14
Let i(s) = 5*s - 1. Let z(y) = 4*y - 1. Let u(a) = 5*i(a) - 6*z(a). Suppose -23*q + 27*q = 2*h - 8, -5*h - 5*q = 25. What is u(h)?
-1
Suppose 0 = v + 4*v - 15. Let m(w) = 0 - 5 + 0*w**2 + 5*w + 1 - 2*w**2. Calculate m(v).
-7
Let w(s) = -s**3 - 2*s**2 + 2*s + 2. Let a = -18 + 19. Suppose 0*c = -2*c - h - a, 4*h = 3*c + 29. Calculate w(c).
5
Let h(r) = -9*r - 1. Let s be h(-1). Let u(w) = -9*w**2 + 10*w**2 + w + 7 - s*w. Calculate u(5).
-3
Let o(d) = -3*d**3 + 2*d**2 - 2*d + 2. Let n be (-1)/2*20/(-5). What is o(n)?
-18
Suppose 0 = -4*l - 3*v, -v = 2*l + 3 - 5. Let z(q) be the third derivative of 0*q + 1/60*q**5 - 7*q*